y 23?
22
Calculate the remainder when 662 is divided by 11.
2
What is the remainder when 9577 is divided by 3?
1
Calculate the remainder when 747 is divided by 125.
122
Calculate the remainder when 83 is divided by 22.
17
What is the remainder when 677 is divided by 87?
68
What is the remainder when 87 is divided by 10?
7
What is the remainder when 549 is divided by 19?
17
What is the remainder when 589 is divided by 165?
94
Calculate the remainder when 197 is divided by 100.
97
What is the remainder when 1197 is divided by 15?
12
Calculate the remainder when 733 is divided by 234.
31
What is the remainder when 46 is divided by 11?
2
Calculate the remainder when 286 is divided by 18.
16
What is the remainder when 305 is divided by 21?
11
Calculate the remainder when 80 is divided by 12.
8
Calculate the remainder when 36 is divided by 36.
0
What is the remainder when 934 is divided by 40?
14
What is the remainder when 558 is divided by 196?
166
What is the remainder when 1797 is divided by 29?
28
Calculate the remainder when 332 is divided by 42.
38
Calculate the remainder when 2055 is divided by 339.
21
Calculate the remainder when 1218 is divided by 314.
276
What is the remainder when 1749 is divided by 65?
59
What is the remainder when 683 is divided by 332?
19
What is the remainder when 152 is divided by 36?
8
Calculate the remainder when 284 is divided by 50.
34
What is the remainder when 67 is divided by 31?
5
What is the remainder when 62 is divided by 8?
6
Calculate the remainder when 9232 is divided by 4611.
10
What is the remainder when 1086 is divided by 87?
42
Calculate the remainder when 52 is divided by 14.
10
Calculate the remainder when 592 is divided by 85.
82
Calculate the remainder when 24 is divided by 13.
11
Calculate the remainder when 37 is divided by 27.
10
Calculate the remainder when 815 is divided by 105.
80
What is the remainder when 565 is divided by 62?
7
What is the remainder when 712 is divided by 231?
19
What is the remainder when 1539 is divided by 153?
9
What is the remainder when 1420 is divided by 233?
22
Calculate the remainder when 333 is divided by 49.
39
Calculate the remainder when 1138 is divided by 4.
2
Calculate the remainder when 287 is divided by 72.
71
What is the remainder when 52 is divided by 18?
16
Calculate the remainder when 190 is divided by 109.
81
What is the remainder when 705 is divided by 221?
42
What is the remainder when 126 is divided by 80?
46
What is the remainder when 3403 is divided by 13?
10
What is the remainder when 8879 is divided by 60?
59
What is the remainder when 1076 is divided by 49?
47
Calculate the remainder when 1590 is divided by 94.
86
Calculate the remainder when 389 is divided by 212.
177
What is the remainder when 3841 is divided by 63?
61
Calculate the remainder when 807 is divided by 27.
24
What is the remainder when 968 is divided by 51?
50
What is the remainder when 683 is divided by 337?
9
Calculate the remainder when 40 is divided by 30.
10
What is the remainder when 92 is divided by 20?
12
Calculate the remainder when 323 is divided by 82.
77
Calculate the remainder when 313 is divided by 124.
65
Calculate the remainder when 75 is divided by 48.
27
Calculate the remainder when 6739 is divided by 321.
319
What is the remainder when 2932 is divided by 9?
7
What is the remainder when 308 is divided by 39?
35
Calculate the remainder when 250 is divided by 11.
8
What is the remainder when 266 is divided by 264?
2
What is the remainder when 1376 is divided by 292?
208
What is the remainder when 1405 is divided by 47?
42
Calculate the remainder when 1389 is divided by 139.
138
Calculate the remainder when 536 is divided by 133.
4
What is the remainder when 3132 is divided by 56?
52
Calculate the remainder when 1602 is divided by 226.
20
Calculate the remainder when 156 is divided by 37.
8
What is the remainder when 318 is divided by 85?
63
What is the remainder when 1277 is divided by 117?
107
Calculate the remainder when 973 is divided by 17.
4
Calculate the remainder when 387 is divided by 39.
36
What is the remainder when 8414 is divided by 61?
57
Calculate the remainder when 330 is divided by 68.
58
What is the remainder when 2315 is divided by 80?
75
What is the remainder when 1699 is divided by 269?
85
What is the remainder when 6533 is divided by 54?
53
Calculate the remainder when 106 is divided by 18.
16
What is the remainder when 6269 is divided by 165?
164
What is the remainder when 183 is divided by 27?
21
What is the remainder when 643 is divided by 10?
3
What is the remainder when 164 is divided by 44?
32
What is the remainder when 311 is divided by 73?
19
What is the remainder when 33 is divided by 32?
1
Calculate the remainder when 174 is divided by 156.
18
What is the remainder when 526 is divided by 106?
102
What is the remainder when 291 is divided by 14?
11
Calculate the remainder when 5438 is divided by 85.
83
What is the remainder when 208 is divided by 24?
16
What is the remainder when 559 is divided by 17?
15
What is the remainder when 62 is divided by 10?
2
What is the remainder when 159 is divided by 20?
19
What is the remainder when 3526 is divided by 1161?
43
Calculate the remainder when 83 is divided by 29.
25
Calculate the remainder when 58460 is divided by 252.
248
Calculate the remainder when 181 is divided by 90.
1
Calculate the remainder when 502 is divided by 28.
26
Calculate the remainder when 1677 is divided by 91.
39
Calculate the remainder when 288 is divided by 10.
8
What is the remainder when 470 is divided by 162?
146
Calculate the remainder when 62 is divided by 3.
2
Calculate the remainder when 626 is divided by 204.
14
What is the remainder when 525 is divided by 177?
171
Calculate the remainder when 188 is divided by 179.
9
What is the remainder when 785 is divided by 130?
5
Calculate the remainder when 15 is divided by 4.
3
What is the remainder when 213 is divided by 6?
3
Calculate the remainder when 546 is divided by 230.
86
Calculate the remainder when 5615 is divided by 3.
2
What is the remainder when 65 is divided by 35?
30
Calculate the remainder when 354 is divided by 191.
163
Calculate the remainder when 59 is divided by 13.
7
What is the remainder when 614 is divided by 1?
0
Calculate the remainder when 1397 is divided by 35.
32
Calculate the remainder when 257 is divided by 7.
5
Calculate the remainder when 1479 is divided by 491.
6
Calculate the remainder when 89 is divided by 47.
42
Calculate the remainder when 316 is divided by 16.
12
Calculate the remainder when 234 is divided by 8.
2
Calculate the remainder when 214 is divided by 38.
24
What is the remainder when 133 is divided by 34?
31
What is the remainder when 252 is divided by 53?
40
Calculate the remainder when 1570 is divided by 6.
4
What is the remainder when 206 is divided by 26?
24
What is the remainder when 277 is divided by 2?
1
What is the remainder when 800 is divided by 6?
2
What is the remainder when 61 is divided by 31?
30
Calculate the remainder when 552 is divided by 71.
55
Calculate the remainder when 1802 is divided by 82.
80
What is the remainder when 543 is divided by 40?
23
Calculate the remainder when 33 is divided by 21.
12
What is the remainder when 200 is divided by 132?
68
What is the remainder when 2440 is divided by 33?
31
Calculate the remainder when 754 is divided by 231.
61
What is the remainder when 16 is divided by 1?
0
What is the remainder when 178 is divided by 33?
13
What is the remainder when 2348 is divided by 110?
38
Calculate the remainder when 265 is divided by 4.
1
What is the remainder when 847 is divided by 17?
14
Calculate the remainder when 922 is divided by 186.
178
What is the remainder when 1046 is divided by 50?
46
Calculate the remainder when 2407 is divided by 56.
55
Calculate the remainder when 407 is divided by 136.
135
What is the remainder when 761 is divided by 196?
173
Calculate the remainder when 14 is divided by 4.
2
What is the remainder when 4453 is divided by 1480?
13
What is the remainder when 2133 is divided by 50?
33
What is the remainder when 317 is divided by 289?
28
Calculate the remainder when 140 is divided by 49.
42
What is the remainder when 2579 is divided by 129?
128
